{"id":189,"date":"2023-02-13T09:09:44","date_gmt":"2023-02-13T09:09:44","guid":{"rendered":"http:\/\/neueseite.sophisticated-knowledge.com\/?page_id=189"},"modified":"2024-03-19T08:54:36","modified_gmt":"2024-03-19T08:54:36","slug":"seminare-und-trainings","status":"publish","type":"page","link":"https:\/\/sophisticated-knowledge.com\/?page_id=189","title":{"rendered":"AKADEMIE: SEMINARE und TRAININGS"},"content":{"rendered":"\n<p class=\"has-drop-cap has-white-color has-dark-gray-background-color has-text-color has-background has-normal-font-size\">Wir forschen und beraten nicht nur, sondern bieten unser Wissen auch unseren Kunden an. In Trainings, Seminaren und auch pers\u00f6nlichen Coachings lehren und trainieren wir in den Gebieten Neuromarketing, Sales, Pr\u00e4sentation und emotionaler Kommunikation.  <\/p>\n\n\n\n<h2 class=\"wp-block-heading has-text-align-center\">Alle Themen sind als Vortrag, Seminar und Training buchbar &#8211; live\/vor Ort und online !<\/h2>\n\n\n\n<hr class=\"wp-block-separator has-alpha-channel-opacity\"\/>\n\n\n\n<p><strong>ONLINE-Intensivkurs: Technische Produkte, emotionale Sprache und Storytelling!<\/strong><\/p>\n\n\n\n<p>mit <strong>Dr. Felix Philipp Lutz<\/strong><\/p>\n\n\n\n<p>N\u00e4chster Termin: Derzeit noch offen, bei Interesse schreiben Sie uns bitte eine Mail:<\/p>\n\n\n\n<p> <a href=\"mailto:info@sophisticated-knowledge.org\" target=\"_blank\" rel=\"noreferrer noopener\">info@sophisticated-knowledge.org<\/a><\/p>\n\n\n\n<p>Preis: 190\u20ac + MwSt<\/p>\n\n\n\n<p><strong>Themen:<\/strong> &#8222;Ich verkaufe nur \u00fcber Zahlen, \u00fcber die Leistungsdaten meiner Produkte!&#8220;&nbsp; &nbsp;&#8211;&nbsp; Stimmt das?<\/p>\n\n\n\n<p>Das Gegenteil ist oftmals der Fall! Auch die beste und leistungsf\u00e4higste Technik verkauft sich nur \u00fcber Emotionen. Die emotionale Leistung des Verk\u00e4ufers, seine F\u00e4higkeit zur Empathie und die richtige emotionale Sprache sind die eigentlichen Entscheider beim Verkaufsgespr\u00e4ch.<\/p>\n\n\n\n<p>Erfahren Sie wie emotional Sie selbst tats\u00e4chlich wirken und wieso ein technisches Produkt emotional ist &#8211; und zwar immer! Sie werden \u00fcberrascht sein. Dazu entwickeln wir kleine Geschichten, die verkaufen.<\/p>\n\n\n\n<p>Die Teilnehmerzahl ist auf 6 Teilnehmer beschr\u00e4nkt.&nbsp;<\/p>\n\n\n\n<p><\/p>\n\n\n\n<p>Mehr Informationen: TEL 0176-8766 6276<\/p>\n\n\n\n<hr class=\"wp-block-separator has-alpha-channel-opacity\"\/>\n\n\n\n<div class=\"wp-block-media-text alignwide is-stacked-on-mobile\" style=\"grid-template-columns:27% auto\"><figure class=\"wp-block-media-text__media\"><img loading=\"lazy\" decoding=\"async\" width=\"1024\" height=\"640\" src=\"http:\/\/neueseite.sophisticated-knowledge.com\/wp-content\/uploads\/2017\/03\/cropped-bigstock-Human-brain-blue-nerves-illustrated-with-i-51397195-1024x640.jpg\" alt=\"\" class=\"wp-image-40 size-full\" srcset=\"https:\/\/sophisticated-knowledge.com\/wp-content\/uploads\/2017\/03\/cropped-bigstock-Human-brain-blue-nerves-illustrated-with-i-51397195-1024x640.jpg 1024w, https:\/\/sophisticated-knowledge.com\/wp-content\/uploads\/2017\/03\/cropped-bigstock-Human-brain-blue-nerves-illustrated-with-i-51397195-300x188.jpg 300w, https:\/\/sophisticated-knowledge.com\/wp-content\/uploads\/2017\/03\/cropped-bigstock-Human-brain-blue-nerves-illustrated-with-i-51397195-768x480.jpg 768w, https:\/\/sophisticated-knowledge.com\/wp-content\/uploads\/2017\/03\/cropped-bigstock-Human-brain-blue-nerves-illustrated-with-i-51397195-1240x775.jpg 1240w, https:\/\/sophisticated-knowledge.com\/wp-content\/uploads\/2017\/03\/cropped-bigstock-Human-brain-blue-nerves-illustrated-with-i-51397195-508x318.jpg 508w, https:\/\/sophisticated-knowledge.com\/wp-content\/uploads\/2017\/03\/cropped-bigstock-Human-brain-blue-nerves-illustrated-with-i-51397195.jpg 1440w\" sizes=\"auto, (max-width: 1024px) 100vw, 1024px\" \/><\/figure><div class=\"wp-block-media-text__content\">\n<p><strong>Thema:   \u201c<em>Sprache-Empathie-Motive: Kunden und Mitarbeiter wirkungsvoller ansprechen\u201d<\/em><\/strong><\/p>\n\n\n\n<p>Als Vortrag, Seminar und Training durchf\u00fchrbar<\/p>\n\n\n\n<p>Sprache ist immer emotional. Sprache ohne Emotion funktioniert nicht. Im Seminar trainieren wir die F\u00e4higkeit, die Motive und Emotionen des Gespr\u00e4chspartners besser zu erkennen und entsprechend agieren und reagieren zu k\u00f6nnen.&nbsp; Sprache&nbsp; unterliegt bewussten und unbewussten Regeln, die von subjektiven gef\u00fchlsm\u00e4\u00dfigen Faktoren bestimmt werden. Die Fokussierung der Sprache in der pers\u00f6nlichen Interaktion ist ein Muss, um erfolgreich handeln zu k\u00f6nnen.&nbsp;<\/p>\n\n\n\n<p class=\"has-dark-gray-color has-text-color\">Schicken Sie eine kurze Mail oder rufen Sie an, wenn Sie mehr \u00fcber unsere Seminare erfahren m\u00f6chten:  <a href=\"mailto:info@sophisticated-knowledge.org\" target=\"_blank\" rel=\"noreferrer noopener\">info@sophisticated-knowledge.org<\/a><\/p>\n<\/div><\/div>\n\n\n\n<hr class=\"wp-block-separator has-alpha-channel-opacity\"\/>\n\n\n\n<div class=\"wp-block-media-text alignwide is-stacked-on-mobile\" style=\"grid-template-columns:27% auto\"><figure class=\"wp-block-media-text__media\"><img loading=\"lazy\" decoding=\"async\" width=\"402\" height=\"290\" src=\"http:\/\/neueseite.sophisticated-knowledge.com\/wp-content\/uploads\/2023\/02\/Story-Development.jpg\" alt=\"\" class=\"wp-image-468 size-full\" srcset=\"https:\/\/sophisticated-knowledge.com\/wp-content\/uploads\/2023\/02\/Story-Development.jpg 402w, https:\/\/sophisticated-knowledge.com\/wp-content\/uploads\/2023\/02\/Story-Development-300x216.jpg 300w\" sizes=\"auto, (max-width: 402px) 100vw, 402px\" \/><\/figure><div class=\"wp-block-media-text__content\">\n<p><strong>Thema: \u00b4BRANDMyth\u00b4 &#8211; STORY DEVELOPMENT<\/strong><\/p>\n\n\n\n<p>Als Vortrag, Seminar und Training buchbar.<\/p>\n\n\n\n<p>Lernen Sie, wie man bei PIXAR Geschichten entwickelt und Drehb\u00fccher schreibt. Will Csaklos (fr\u00fcher Senior Creative Executive und Story Consultant bei PIXAR Animation Studios): &#8222;The power from stories comes from connecting us to our emotions.&#8220; Entwicklung, Aufbau, Charaktere,  Spannungsb\u00f6gen und vieles mehr erarbeiten Sie mit unserem Experten aus Kalifornien. Will Csaklos hat ma\u00dfgeblich mitgearbeitet an Filmen wie <em>CARS<\/em>, <em>FINDING NEMO<\/em>, <em>RATATOUILLE<\/em> und <em>MONSTER\u00b4S INC<\/em>. <\/p>\n\n\n\n<p>Diese Veranstaltung kann sowohl Online als auch vor Ort in Deutschland oder San Francisco durchgef\u00fchrt werden.<\/p>\n<\/div><\/div>\n\n\n\n<hr class=\"wp-block-separator has-alpha-channel-opacity\"\/>\n\n\n\n<div class=\"wp-block-media-text alignwide is-stacked-on-mobile\" style=\"grid-template-columns:27% auto\"><figure class=\"wp-block-media-text__media\"><img loading=\"lazy\" decoding=\"async\" width=\"1006\" height=\"631\" src=\"http:\/\/neueseite.sophisticated-knowledge.com\/wp-content\/uploads\/2023\/03\/Sprachverarbeitung-im-Gehirn.jpg\" alt=\"\" class=\"wp-image-496 size-full\" srcset=\"https:\/\/sophisticated-knowledge.com\/wp-content\/uploads\/2023\/03\/Sprachverarbeitung-im-Gehirn.jpg 1006w, https:\/\/sophisticated-knowledge.com\/wp-content\/uploads\/2023\/03\/Sprachverarbeitung-im-Gehirn-300x188.jpg 300w, https:\/\/sophisticated-knowledge.com\/wp-content\/uploads\/2023\/03\/Sprachverarbeitung-im-Gehirn-768x482.jpg 768w, https:\/\/sophisticated-knowledge.com\/wp-content\/uploads\/2023\/03\/Sprachverarbeitung-im-Gehirn-508x319.jpg 508w\" sizes=\"auto, (max-width: 1006px) 100vw, 1006px\" \/><\/figure><div class=\"wp-block-media-text__content\">\n<p class=\"has-normal-font-size\"><strong>Thema:    <em>Emotion und Sprache: Grundlagen <\/em><\/strong><\/p>\n\n\n\n<p>Vortrag, Seminar und Training<\/p>\n\n\n\n<p>Sprache ist die &#8211; von der Wirkung aus gesehen &#8211;  effektivste Form menschlichen Verhaltens. Im Seminar werden die Zusammenh\u00e4nge zwischen Neurobiologie und Sprache, zwischen Emotionen und Verhalten erkl\u00e4rt. Die Seminarteilnehmer erfahren, wie sie selbst emotional sprechen und wie sie Sprache optimal und effektiv einsetzen k\u00f6nnen. Dabei wird nicht trainiert, wie man auf der B\u00fchne weint, sondern wir zeigen, dass auch die vermeintlich technische Sprache im Verkauf z.B. viele emotionale Komponenten hat. Denn wir haben nur eine Sprache.  <\/p>\n<\/div><\/div>\n\n\n\n<hr class=\"wp-block-separator has-alpha-channel-opacity\"\/>\n\n\n\n<div class=\"wp-block-media-text alignwide is-stacked-on-mobile\" style=\"grid-template-columns:27% auto\"><figure class=\"wp-block-media-text__media\"><img loading=\"lazy\" decoding=\"async\" width=\"493\" height=\"302\" src=\"http:\/\/neueseite.sophisticated-knowledge.com\/wp-content\/uploads\/2023\/03\/Storytelling.jpg\" alt=\"\" class=\"wp-image-499 size-full\" srcset=\"https:\/\/sophisticated-knowledge.com\/wp-content\/uploads\/2023\/03\/Storytelling.jpg 493w, https:\/\/sophisticated-knowledge.com\/wp-content\/uploads\/2023\/03\/Storytelling-300x184.jpg 300w\" sizes=\"auto, (max-width: 493px) 100vw, 493px\" \/><\/figure><div class=\"wp-block-media-text__content\">\n<p><strong>Thema: <em>Storytelling mit Emotionen<\/em> <\/strong><\/p>\n\n\n\n<p>Als Vortrag, Seminar oder Training buchbar.<\/p>\n\n\n\n<p>Den Gespr\u00e4chspartner begeistern und zum Abschluss f\u00fchren! Darum geht es im Kern in diesem Seminar. Die Teilnehmer lernen, wie man eine kurze, pr\u00e4gnante und vor allem emotionale Geschichte entwickelt und im Verlauf eines Verkaufsgespr\u00e4chs erfolgreich einsetzen kann. Denn es sind die Emotionen, die verkaufen, nicht nur die Leistungsdaten eines (technischen) Produkts.<\/p>\n<\/div><\/div>\n\n\n\n<hr class=\"wp-block-separator has-alpha-channel-opacity\"\/>\n\n\n\n<div class=\"wp-block-media-text alignwide is-stacked-on-mobile\" style=\"grid-template-columns:27% auto\"><figure class=\"wp-block-media-text__media\"><img loading=\"lazy\" decoding=\"async\" width=\"427\" height=\"266\" src=\"http:\/\/neueseite.sophisticated-knowledge.com\/wp-content\/uploads\/2023\/03\/Indianische-Felsmalerei.png\" alt=\"\" class=\"wp-image-495 size-full\" srcset=\"https:\/\/sophisticated-knowledge.com\/wp-content\/uploads\/2023\/03\/Indianische-Felsmalerei.png 427w, https:\/\/sophisticated-knowledge.com\/wp-content\/uploads\/2023\/03\/Indianische-Felsmalerei-300x187.png 300w\" sizes=\"auto, (max-width: 427px) 100vw, 427px\" \/><\/figure><div class=\"wp-block-media-text__content\">\n<p><strong>Thema: <em>NEURO-ANTHROPOLOGISCHES BRANDING<\/em><\/strong><\/p>\n\n\n\n<p>Vortrag, Seminar oder Training.<\/p>\n\n\n\n<p>Auch als Branding-Projekt, wo die Marke auf grundlegende Art neu erlebbar wird.<\/p>\n\n\n\n<p>In diesem neuen Themenfeld erfahren Sie mehr \u00fcber die Bedeutung der Zusammenh\u00e4nge zwischen Produkten, ihrer Anwendungsgeschichte und den physiologischen und psychologischen Merkmalen und Auswirkungen der Nutzung. Im Seminar werden neue Symbol-, Bild- und Sprachwelten f\u00fcr ihre Marke erschlossen. F\u00fcr sinnvolles und langfristiges Branding unerl\u00e4sslich, vor allem, um sich vom Einheits-Werbebrei der Agenturen zu unterscheiden. Dazu gibt es ein produktorientiertes spezifisches W\u00f6rterbuch und eine Sammlung von Bildmotiven speziell f\u00fcr die Marke des Kunden. <\/p>\n<\/div><\/div>\n\n\n\n<hr class=\"wp-block-separator has-alpha-channel-opacity\"\/>\n\n\n\n<div class=\"wp-block-media-text alignwide is-stacked-on-mobile\" style=\"grid-template-columns:27% auto\"><figure class=\"wp-block-media-text__media\"><img loading=\"lazy\" decoding=\"async\" width=\"1024\" height=\"718\" src=\"http:\/\/neueseite.sophisticated-knowledge.com\/wp-content\/uploads\/2023\/02\/Kachel-DEZ-2019-1024x718.png\" alt=\"\" class=\"wp-image-472 size-full\" srcset=\"https:\/\/sophisticated-knowledge.com\/wp-content\/uploads\/2023\/02\/Kachel-DEZ-2019-1024x718.png 1024w, https:\/\/sophisticated-knowledge.com\/wp-content\/uploads\/2023\/02\/Kachel-DEZ-2019-300x210.png 300w, https:\/\/sophisticated-knowledge.com\/wp-content\/uploads\/2023\/02\/Kachel-DEZ-2019-768x539.png 768w, https:\/\/sophisticated-knowledge.com\/wp-content\/uploads\/2023\/02\/Kachel-DEZ-2019-508x356.png 508w, https:\/\/sophisticated-knowledge.com\/wp-content\/uploads\/2023\/02\/Kachel-DEZ-2019.png 1215w\" sizes=\"auto, (max-width: 1024px) 100vw, 1024px\" \/><\/figure><div class=\"wp-block-media-text__content\">\n<p><strong>Thema:  <em>Pr\u00e4sentationstraining f\u00fcr Startups<\/em><\/strong><\/p>\n\n\n\n<p>Nicht nur f\u00fcr Startups, aber besonders f\u00fcr Newcomer im \u00f6ffentlichen Auftritt bieten wir das Seminar &#8222;Pr\u00e4sentationstraining&#8220; an. Wie pr\u00e4sentiert man souver\u00e4n und sicher vor kleinem und grossem Publikum? Wir helfen mit einfachen Tricks und systematischer Vorbereitung. Zus\u00e4tzlich helfen wir beim PitchDeck.<\/p>\n\n\n\n<p>Unsere Partner:  <a href=\"https:\/\/andersen-marketing.de\/\" target=\"_blank\" rel=\"noreferrer noopener\">Thomas Andersen <\/a>(Marketing) .<\/p>\n\n\n\n<p><\/p>\n<\/div><\/div>\n\n\n\n<hr class=\"wp-block-separator has-alpha-channel-opacity\"\/>\n\n\n\n<p>Rufen Sie an oder schicken Sie uns eine kurze Mail, falls wir Ihr Interesse geweckt haben. Oder einfach anrufen, und wir k\u00f6nnen in einem kurzen Gespr\u00e4ch weitere Details kl\u00e4ren !<\/p>\n\n\n\n<p class=\"has-text-align-center\">TEL  0152-53465844   oder Mail an:  info@sophisticated-knowledge.org <\/p>\n\n\n\n<hr class=\"wp-block-separator has-alpha-channel-opacity\"\/>\n\n\n<div class=\"wp-block-image\">\n<figure class=\"aligncenter size-full is-resized\"><img loading=\"lazy\" decoding=\"async\" width=\"1015\" height=\"320\" src=\"http:\/\/neueseite.sophisticated-knowledge.com\/wp-content\/uploads\/2023\/02\/Verwandlung-LOGO.png\" alt=\"\" class=\"wp-image-475\" style=\"aspect-ratio:3.1784037558685445;width:835px;height:auto\" srcset=\"https:\/\/sophisticated-knowledge.com\/wp-content\/uploads\/2023\/02\/Verwandlung-LOGO.png 1015w, https:\/\/sophisticated-knowledge.com\/wp-content\/uploads\/2023\/02\/Verwandlung-LOGO-300x95.png 300w, https:\/\/sophisticated-knowledge.com\/wp-content\/uploads\/2023\/02\/Verwandlung-LOGO-768x242.png 768w, https:\/\/sophisticated-knowledge.com\/wp-content\/uploads\/2023\/02\/Verwandlung-LOGO-508x160.png 508w\" sizes=\"auto, (max-width: 1015px) 100vw, 1015px\" \/><\/figure>\n<\/div>","protected":false},"excerpt":{"rendered":"<p>Wir forschen und beraten nicht nur, sondern bieten unser Wissen auch unseren Kunden an. In Trainings, Seminaren und auch pers\u00f6nlichen Coachings lehren und trainieren wir in den Gebieten Neuromarketing, Sales, Pr\u00e4sentation und emotionaler Kommunikation. Alle Themen sind als Vortrag, Seminar und Training buchbar &#8211; live\/vor Ort und online ! ONLINE-Intensivkurs: Technische Produkte, emotionale Sprache und [&hellip;]<\/p>\n","protected":false},"author":1,"featured_media":0,"parent":0,"menu_order":0,"comment_status":"closed","ping_status":"closed","template":"","meta":{"footnotes":""},"class_list":["post-189","page","type-page","status-publish","hentry"],"_links":{"self":[{"href":"https:\/\/sophisticated-knowledge.com\/index.php?rest_route=\/wp\/v2\/pages\/189","targetHints":{"allow":["GET"]}}],"collection":[{"href":"https:\/\/sophisticated-knowledge.com\/index.php?rest_route=\/wp\/v2\/pages"}],"about":[{"href":"https:\/\/sophisticated-knowledge.com\/index.php?rest_route=\/wp\/v2\/types\/page"}],"author":[{"embeddable":true,"href":"https:\/\/sophisticated-knowledge.com\/index.php?rest_route=\/wp\/v2\/users\/1"}],"replies":[{"embeddable":true,"href":"https:\/\/sophisticated-knowledge.com\/index.php?rest_route=%2Fwp%2Fv2%2Fcomments&post=189"}],"version-history":[{"count":39,"href":"https:\/\/sophisticated-knowledge.com\/index.php?rest_route=\/wp\/v2\/pages\/189\/revisions"}],"predecessor-version":[{"id":683,"href":"https:\/\/sophisticated-knowledge.com\/index.php?rest_route=\/wp\/v2\/pages\/189\/revisions\/683"}],"wp:attachment":[{"href":"https:\/\/sophisticated-knowledge.com\/index.php?rest_route=%2Fwp%2Fv2%2Fmedia&parent=189"}],"curies":[{"name":"wp","href":"https:\/\/api.w.org\/{rel}","templated":true}]}}