{"id":280,"date":"2023-02-10T23:47:23","date_gmt":"2023-02-10T23:47:23","guid":{"rendered":"http:\/\/neueseite.sophisticated-knowledge.com\/?page_id=280"},"modified":"2023-09-22T10:07:32","modified_gmt":"2023-09-22T10:07:32","slug":"kontakt","status":"publish","type":"page","link":"https:\/\/sophisticated-knowledge.com\/?page_id=280","title":{"rendered":"Kontakt \/ Impressum"},"content":{"rendered":"\n<p class=\"has-text-align-center has-large-font-size\">Deutschland:  <a href=\"mailto:info@sophisticated-knowledge.org\">info@sophisticated-knowledge.org<\/a><\/p>\n\n\n\n<p class=\"has-text-align-center has-large-font-size\">TEL   +49-(0)152-53465844<\/p>\n\n\n\n<p class=\"has-text-align-center\">USA:   TEL  001-617-997-6554<\/p>\n\n\n<div class=\"wp-block-image\">\n<figure class=\"aligncenter size-large is-resized\"><img loading=\"lazy\" decoding=\"async\" src=\"http:\/\/neueseite.sophisticated-knowledge.com\/wp-content\/uploads\/2022\/05\/gehirnhaelften2malprint-1024x470.png\" alt=\"\" class=\"wp-image-212\" style=\"width:538px;height:246px\" width=\"538\" height=\"246\" srcset=\"https:\/\/sophisticated-knowledge.com\/wp-content\/uploads\/2022\/05\/gehirnhaelften2malprint-1024x470.png 1024w, https:\/\/sophisticated-knowledge.com\/wp-content\/uploads\/2022\/05\/gehirnhaelften2malprint-300x138.png 300w, https:\/\/sophisticated-knowledge.com\/wp-content\/uploads\/2022\/05\/gehirnhaelften2malprint-768x352.png 768w, https:\/\/sophisticated-knowledge.com\/wp-content\/uploads\/2022\/05\/gehirnhaelften2malprint-508x233.png 508w, https:\/\/sophisticated-knowledge.com\/wp-content\/uploads\/2022\/05\/gehirnhaelften2malprint.png 1035w\" sizes=\"auto, (max-width: 538px) 100vw, 538px\" \/><\/figure>\n<\/div>\n\n\n<hr class=\"wp-block-separator has-alpha-channel-opacity\"\/>\n\n\n\n<p><\/p>\n\n\n\n<p><\/p>\n\n\n\n<h2 class=\"wp-block-heading has-larger-font-size\">IMPRESSUM<\/h2>\n\n\n<p><strong>Inhaltlich Verantwortlicher gem\u00e4\u00df TMG:<\/strong><br \/>Dr. Felix Philipp Lutz<\/p>\n<p><strong>Gesch\u00e4ftsf\u00fchrer:<\/strong><br \/>Dr. Felix Philipp Lutz<\/p>\n<p><strong>Sitz der Gesellschaft:<\/strong><br \/>67165 Waldsee, Karlstr. 20<br \/><strong>Handelsregister:<\/strong><br \/>Amtsgericht Ludwigshafen<br \/>HRB 63536<br \/><strong>Umsatzsteueridentifikationsnummer:<\/strong><br \/>DE 291174173<\/p>\n<p><strong>Bildnachweis<\/strong><br \/>Alle Fotos auf der Website sind Eigentum von sophisticated knowledge. Die Fotos der Haldm\u03cbhle sind Eigentum der PLURAL Gesellschaft f\u03cbr Politik, Wirtschaft und Kultur mbH.<\/p>\n<p><strong>Hinweis:<\/strong><br \/>Der Internetauftritt informiert \u00fcber das Angebot an Produkten und Dienstleistungen der sophisticated knowledge GmbH. Die Website wird st\u00e4ndig \u00fcberpr\u00fcft und aktualisiert. Irrt\u00fcmer und \u00c4nderungen vorbehalten.<br \/>Die zur Erg\u00e4nzung eigener Inhalte angegebenen Links f\u00fchren zu Fremdseiten, f\u00fcr deren Inhalt die sophisticated knowledge GmbH keine Verantwortung oder Haftung \u00fcbernimmt.<\/p>\n<p><strong>Datenschutz<\/strong><\/p>\n<p>Der Betreiber dieser Seiten nimmt den Schutz Ihrer pers\u00f6nlichen Daten sehr ernst. Wir behandeln Ihre personenbezogenen Daten vertraulich und entsprechend der gesetzlichen Datenschutzvorschriften sowie dieser Datenschutzerkl\u00e4rung. Die Nutzung unserer Webseite ist in der Regel ohne Angabe personenbezogener Daten m\u00f6glich. Soweit auf unseren Seiten personenbezogene Daten (beispielsweise Name, Anschrift oder E-Mail-Adressen) erhoben werden, erfolgt dies, soweit m\u00f6glich, stets auf freiwilliger Basis. Diese Daten werden ohne Ihre ausdr\u00fcckliche Zustimmung nicht an Dritte weitergegeben. Wir weisen darauf hin, dass die Daten\u00fcbertragung im Internet (z.B. bei der Kommunikation per E-Mail) Sicherheitsl\u00fccken aufweisen kann. Ein l\u00fcckenloser Schutz der Daten vor dem Zugriff durch Dritte ist nicht m\u00f6glich.<\/p>\n<p><strong>Cookies<\/strong><\/p>\n<p>Um die Nutzung bestimmter Funktionen zu erm\u00f6glichen verwenden wir sogenannte Cookies. Hierbei handelt es sich um kurze Datenpakete, die auf Ihrem Endger\u00e4t gespeichert und mit anderen Anbietern ausgetauscht werden. Einige der von uns verwendeten Cookies werden nach dem Schlie\u00dfen Ihres Browsers unmittelbar gel\u00f6scht (sog. Sitzungs-Cookies). Andere Cookies verbleiben auf Ihrem Endger\u00e4t und erm\u00f6glichen es, Ihren Browser beim n\u00e4chsten Besuch wiederzuerkennen (persistente Cookies). Sie k\u00f6nnen alle auf Ihrem Endger\u00e4t gespeicherten Cookies l\u00f6schen und die g\u00e4ngigen Browser so einstellen, dass das Speichern von Cookies verhindert wird. In diesem Falle m\u00fcssen Sie m\u00f6glicherweise einige Einstellungen bei jedem Besuch dieser Webseite erneut vornehmen und die Beeintr\u00e4chtigung mancher Funktionen in Kauf nehmen. Die Datenerhebung k\u00f6nnen Sie verhindern, indem Sie in Ihrem Browser die Do-Not-Track-Option aktivieren oder indem Sie diesen Link bet\u00e4tigen. Wenn Sie den Link bet\u00e4tigen, wird ein Opt-out-Cookie bei Ihnen gesetzt, der die Datenerhebung verhindert. Beachten Sie bitte, dass Sie den Cookie erneut setzen m\u00fcssen, wenn Sie die Cookies in Ihrem Browser l\u00f6schen.<\/p>\n<p>EMail-Kontakt<\/p>\n<p>An verschiedenen Stellen der Website ist eine Kontaktaufnahme \u00fcber die jeweils bereitgestellte E-Mail-Adresse m\u00f6glich. Es findet hierbei eine Speicherung der \u00fcbermittelten personenbezogenen Daten, insbesondere der E-Mail-Adresse selbst, statt. Eine Weitergabe dieser Daten an Dritte erfolgt nicht. Die Daten werden ausschlie\u00dflich f\u00fcr die Verarbeitung der Anfrage verwendet. Rechtsgrundlage f\u00fcr die Verarbeitung der Daten ist Art. 6 Absatz 1 Satz 1 f) DSGVO. Das berechtigte Interesse an der Verarbeitung der Daten liegt in der Durchf\u00fchrung des Kontaktes. Eine L\u00f6schung der Daten erfolgt nach Wegfall des Zweckes oder Beendigung der Kommunikation. Erfolgt im Zuge der Kommunikation ein Angebotsprozess, werden die verarbeiteten Daten nach Ablauf der hierf\u00fcr vorgesehenen Aufbewahrungsfristen gel\u00f6scht.<\/p>\n<p><strong>Datensicherheit<\/strong><\/p>\n<p>Um die Sicherheit der an uns \u00fcbermittelten Daten zu gew\u00e4hrleisten, nutzen wir eine SSL-256 bit-Verschl\u00fcsselung. Sie erkennen derart verschl\u00fcsselte Verbindungen an dem Pr\u00e4fix \u201chttps:\/\/\u201c im Seitenlink in der Adresszeile Ihres Browsers. Unverschl\u00fcsselte Seite sind durch \u201ehttp:\/\/\u201c gekennzeichnet. S\u00e4mtliche Daten, welche Sie an unsere Website \u00fcbermitteln \u2013 etwa bei Anfragen oder Logins \u2013 k\u00f6nnen dank SSL-Verschl\u00fcsselung nicht von Dritten gelesen werden.<\/p>\n<p><strong>Auskunft, Sperrung, L\u00f6schung<\/strong><\/p>\n<p>Sie haben jederzeit das Recht auf unentgeltliche Auskunft \u00fcber Ihre gespeicherten personenbezogenen Daten, deren Herkunft und Empf\u00e4nger und den Zweck der Datenverarbeitung sowie ein Recht auf Berichtigung, Sperrung oder L\u00f6schung dieser Daten.<\/p>","protected":false},"excerpt":{"rendered":"<p>Deutschland: info@sophisticated-knowledge.org TEL +49-(0)152-53465844 USA: TEL 001-617-997-6554 IMPRESSUM Inhaltlich Verantwortlicher gem\u00e4\u00df TMG:Dr. Felix Philipp Lutz Gesch\u00e4ftsf\u00fchrer:Dr. Felix Philipp Lutz Sitz der Gesellschaft:67165 Waldsee, Karlstr. 20Handelsregister:Amtsgericht LudwigshafenHRB 63536Umsatzsteueridentifikationsnummer:DE 291174173 BildnachweisAlle Fotos auf der Website sind Eigentum von sophisticated knowledge. Die Fotos der Haldm\u03cbhle sind Eigentum der PLURAL Gesellschaft f\u03cbr Politik, Wirtschaft und Kultur mbH. Hinweis:Der Internetauftritt [&hellip;]<\/p>\n","protected":false},"author":1,"featured_media":0,"parent":0,"menu_order":0,"comment_status":"closed","ping_status":"closed","template":"","meta":{"footnotes":""},"class_list":["post-280","page","type-page","status-publish","hentry"],"_links":{"self":[{"href":"https:\/\/sophisticated-knowledge.com\/index.php?rest_route=\/wp\/v2\/pages\/280","targetHints":{"allow":["GET"]}}],"collection":[{"href":"https:\/\/sophisticated-knowledge.com\/index.php?rest_route=\/wp\/v2\/pages"}],"about":[{"href":"https:\/\/sophisticated-knowledge.com\/index.php?rest_route=\/wp\/v2\/types\/page"}],"author":[{"embeddable":true,"href":"https:\/\/sophisticated-knowledge.com\/index.php?rest_route=\/wp\/v2\/users\/1"}],"replies":[{"embeddable":true,"href":"https:\/\/sophisticated-knowledge.com\/index.php?rest_route=%2Fwp%2Fv2%2Fcomments&post=280"}],"version-history":[{"count":5,"href":"https:\/\/sophisticated-knowledge.com\/index.php?rest_route=\/wp\/v2\/pages\/280\/revisions"}],"predecessor-version":[{"id":617,"href":"https:\/\/sophisticated-knowledge.com\/index.php?rest_route=\/wp\/v2\/pages\/280\/revisions\/617"}],"wp:attachment":[{"href":"https:\/\/sophisticated-knowledge.com\/index.php?rest_route=%2Fwp%2Fv2%2Fmedia&parent=280"}],"curies":[{"name":"wp","href":"https:\/\/api.w.org\/{rel}","templated":true}]}}